*3 - 12*n**2 + 12*n - 4. Let y be r(11). Let j = y - -1. Calculate the highest common factor of 4 and j.
4
Suppose v - 2*z + 21 = 0, z + 50 = -4*v - 7. Let t be 6/v*-5 - -13. Calculate the greatest common factor of 15 and t.
15
Suppose 26 = g - 4*u, 4*g + 3*u = -0*g + 85. Let p be 132/(-1 + 25/10). Calculate the greatest common divisor of p and g.
22
Suppose -14*z - 6 = -15*z. Calculate the greatest common factor of z and 3.
3
Let s(g) = 11*g - 109. Let b be s(11). Let j(z) = z**2 + 3*z - 4. Let c be j(5). What is the highest common divisor of b and c?
12
Suppose 0 = 7*l - 2*l - 6875. Let d = l - 975. Suppose d = 2*s + 3*s. Calculate the greatest common factor of 8 and s.
8
Suppose 2*c + 3*k - 231 = -78, 5*c - 2*k = 373. Let l(f) = 3*f**2 + 4*f + 25. Let m be l(0). Calculate the highest common divisor of m and c.
25
Let t(w) = w + 4. Let f be t(-6). Let d = f + 3. What is the greatest common divisor of d and 11?
1
Suppose -1 = -2*s - 9. Let u = 15 + s. What is the highest common factor of 99 and u?
11
Let s(b) = b**3 - 6*b**2 + 8*b - 8. Let u be s(6). Let n(t) = t**2 + 9*t + 6. Let h be n(-10). What is the greatest common factor of u and h?
8
Let q(d) = -2*d**2 - 2*d - 3. Let k(z) = 3*z**2 + 3*z + 4. Let i(n) = 5*k(n) + 7*q(n). Let r be i(-4). Calculate the highest common factor of r and 88.
11
Let h(l) = -3 - 2 - 1 - 5*l**2 + l**3 + 3*l + 3*l. Let j be h(4). Let d be 6*(j + -4 - -8). What is the highest common divisor of d and 12?
12
Let k be (12/14)/((-2)/(-14)). Let w = 80 - 8. Let z = w - 6. What is the highest common factor of z and k?
6
Let s = -79 + 144. Let l = -10 + 12. Suppose -s = -l*z - 11. Calculate the highest common factor of 3 and z.
3
Suppose 4*n + 18 = n. Let g be (-1)/(1 + n/4). Suppose 3*u - 592 = g*m - 0*m, 5*u - 1020 = -5*m. Calculate the greatest common divisor of u and 20.
20
Let t(b) = b**2 - 4*b + 2. Let v = 1 + 1. Suppose -9 = 3*c, -v*y = c - 0*c - 5. Let o be t(y). What is the highest common divisor of 4 and o?
2
Let w be 3/12 + 99/4. Calculate the highest common factor of w and 200.
25
Suppose -8*h + 6*h = -512. Suppose -5*c + h = 4*r - 157, 4*c = -4*r + 332. Let w = -10 - -19. Calculate the highest common factor of c and w.
9
Suppose 0 = -0*g + 2*g - 66. Suppose 9 = -2*k + g. Suppose 0 = 3*m - 22 + 4. Calculate the highest common divisor of m and k.
6
Let s(b) = b**2 + 2*b + 1. Let t be s(-2). Calculate the highest common factor of t and 3.
1
Let i(b) be the second derivative of -b**3/3 - 5*b**2/2 + b. Let x be i(4). Let l = 13 - x. What is the highest common divisor of 65 and l?
13
Let c(w) = w + 1. Let y be c(-4). Let u = -1 - y. Suppose u*b = -2*b + 20, 0 = -2*s + b + 13. Calculate the greatest common divisor of s and 1.
1
Suppose 3 = 8*h - 5*h. What is the greatest common divisor of h and 6?
1
Let w(t) = 3*t + 1. Let p be w(-3). Let n be -4*2*38/p. Calculate the highest common factor of 95 and n.
19
Suppose -3*l - 17 = -j, -j + l = -0*j - 9. Suppose -j*v + 616 = -v. Calculate the highest common divisor of 14 and v.
14
Let v = 10 - 6. Suppose 2*w = -w + 1212. Suppose -k + 103 = -5*x, -4*x - w = -v*k - 40. What is the highest common divisor of k and 11?
11
Suppose -2*b + 4 = -b. Suppose -b*y - 4*q = y - 26, 0 = q - 4. What is the highest common factor of 16 and y?
2
Let v(w) = -w + 1. Let c be v(-1). Let f be (-16)/(-3 + c)*1. Let i be 14/231*267 - (-4)/(-22). Calculate the highest common factor of f and i.
16
Suppose 5*n + 43 - 156 = -y, 0 = 5*y + 10. What is the greatest common factor of 46 and n?
23
Let r(d) = -3*d - 2. Suppose 0 = y - 0*l - 3*l + 13, -3*y - 33 = -3*l. Let a = y + 7. Let x be r(a). Calculate the greatest common divisor of 42 and x.
7
Suppose 4 = 3*c - 2*c. Suppose 4*x = c*s - 116, -3*s - 43 = 3*x - x. Let r be x/6*-3*1. Calculate the highest common factor of r and 39.
13
Let x = 203 + 0. Calculate the greatest common factor of x and 29.
29
Suppose -7 - 22 = 5*v - c, 3*c = v + 3. Let n be 109/3 - (-2)/v. What is the highest common factor of 18 and n?
18
Suppose 3*m - 39 = -0*m. Let f be 3*2/6 + m. Calculate the highest common factor of 112 and f.
14
Let h = 8 - 21. Let f = -2 - h. What is the highest common divisor of 1 and f?
1
Suppose 0 = 2*l - 0*l - 66. Let q(i) = i + 18. Let n be q(0). Let v = l - n. What is the highest common divisor of 75 and v?
15
Suppose 59 = 4*t + 243. Let b = -79 - t. Let c = b - -77. Calculate the greatest common divisor of c and 4.
4
Let m be (3 - 14)*(0 + 1). Let y(u) = -u**2 - u - 8. Let a be y(0). Let k = a - m. What is the highest common divisor of 24 and k?
3
Let w = 6 - -14. Let k be 2/(-5) - 7/(-5). Suppose 0*l - 4*t + k = -l, 4*l - 4*t - w = 0. What is the highest common divisor of 7 and l?
7
Suppose -2*n - 18 = -5*t + 18, -5*t + n + 33 = 0. Let i(a) = 3 + a + 3 + 5*a - a**2. Let g be i(t). Calculate the greatest common factor of g and 30.
6
Suppose 4*f - 33 = -3*d, -3*d + 2*f = -d - 22. Suppose 0 = 2*m + 3*m + 65. Let q = 46 + m. What is the greatest common factor of q and d?
11
Suppose 5*z + 5*d - 55 = 0, d = -3*z + z + 26. Suppose -772 = -3*v - v. Suppose 4*w - v - 227 = 0. What is the greatest common divisor of w and z?
15
Suppose -t - 6*f + f = -91, -f + 407 = 5*t. Calculate the highest common factor of 9 and t.
9
Let k = 14 + 5. What is the highest common factor of 57 and k?
19
Suppose -9*j + 40 = -5*j. What is the greatest common factor of 25 and j?
5
Let m be (-1)/((-2)/8) + 1. Suppose 0 = m*b - 0*b + 30. Let k be (-36)/(-15) - b/10. What is the greatest common divisor of k and 9?
3
Let u be ((-3)/(-2))/((-1)/(-2)). Let f be 1/(-4) - (-315)/(-20). Let s = f - -28. What is the greatest common factor of s and u?
3
Suppose -6*a - 12 = y - 2*a, -2*a = y + 2. Let p = 16 - y. Calculate the greatest common factor of 12 and p.
4
Suppose 5 = 5*i - 0*i. Let h be (i/(-3))/((-6)/54). What is the greatest common divisor of 12 and h?
3
Suppose 3*x + 24 = -2*w, w + 12 = 5*x + 52. Suppose 0 = 2*p + 3*p + 25. Let c be ((-54)/x)/(p/(-20)). What is the greatest common factor of c and 18?
9
Suppose 6 = -5*v + 4*f + 40, -v - 2*f + 4 = 0. Suppose 9 = 4*y - 7. Suppose -6*n + y*n + 24 = 0. What is the highest common divisor of n and v?
6
Let m(z) = -z**3 + 5*z**2 + 7*z + 1. Let p be m(6). What is the greatest common factor of p and 77?
7
Suppose -2*b = 3*b - 55. Let j be 2/4*(1 + -1). Suppose 0 = x - 3*r + 6 - 2, 4*x + 3*r - 59 = j. What is the greatest common factor of x and b?
11
Let l = 20 + -15. What is the highest common divisor of 20 and l?
5
Let h = 102 + -84. Let q be 0*-1*2/(-4). Suppose 0 = -q*w + w - h. What is the greatest common divisor of w and 6?
6
Let z(j) = 12*j**3 - j**2. Let l be z(1). What is the greatest common divisor of l and 44?
11
Let l = 120 + -118. Calculate the greatest common factor of 16 and l.
2
Let s be -2 - (-2 + -1 + -2). Suppose 0*g - 5*m + 55 = 5*g, 3*m = -s. Let x = 206 - 122. Calculate the highest common factor of x and g.
12
Let q = 48 - 29. Let t be (6/5)/(2/(-10)). Let u(v) = -25*v + 2. Let w be u(t). Calculate the greatest common factor of w and q.
19
Let f be 50/8 - 2/8. Suppose 3*c + c - 164 = -4*x, 5*c + 5 = 0. What is the greatest common factor of x and f?
6
Let n(m) be the second derivative of m**4/3 + m**3/6 - 5*m**2/2 - 4*m. Let v be n(-4). Calculate the greatest common factor of v and 22.
11
Suppose -y + p = -7, -4*y = -2*y - 3*p - 18. Let c(f) = 7*f**2 + 2*f + 3. Let v be c(y). Calculate the greatest common divisor of 8 and v.
8
Let x(u) = u**2 - 2*u + 7. Let w be x(0). Calculate the highest common factor of 14 and w.
7
Let b = 5 - 7. Let l be b/(-4) + (-13)/(-2). Let a = 34 - 13. What is the highest common factor of l and a?
7
Let a = 5 - 1. Suppose -q + 21 = a*b, -3*q = -2 - 1. Let k = -22 + 32. Calculate the greatest common divisor of b and k.
5
Let f be (1*-4)/4 + 17. Calculate the highest common divisor of 112 and f.
16
Let j(z) = z**2 - 3*z - 1. Let p be j(-5). Suppose 177*h - 195*h + 468 = 0. Calculate the highest common factor of p and h.
13
Suppose 0 = 2*s - 5*s - 2*n + 29, 4*n - 49 = -5*s. Calculate the greatest common factor of 54 and s.
9
Let l be 3 + 5*(-3)/(-15). Let f = 13 + -7. Calculate the greatest common divisor of f and l.
2
Let f(m) = m**2 + 9*m. Let i be f(-9). Suppose i = -a + 3*a - 16. Calculat